 -1001121112 (base 3) in base 13?
-9656
What is -1751 (base 14) in base 7?
-15131
2311 (base 4) to base 11
155
Convert -10000120 (base 3) to base 15.
-9bc
What is de (base 16) in base 6?
1010
What is 12775 (base 8) in base 9?
7644
Convert -559 (base 11) to base 16.
-29d
What is -212 (base 3) in base 13?
-1a
Convert 149 (base 12) to base 10.
201
Convert -528 (base 13) to base 15.
-3d9
What is 4653 (base 12) in base 10?
7839
-504 (base 11) to base 10
-609
What is 7164 (base 8) in base 3?
12002001
797 (base 10) to base 4
30131
-1157 (base 8) to base 9
-762
What is 1100022 (base 3) in base 8?
1724
What is 30011233 (base 4) in base 5?
3041034
Convert 18446 (base 11) to base 7.
135200
What is -45345 (base 8) in base 5?
-1103143
What is -76c (base 13) in base 7?
-3466
327 (base 8) to base 16
d7
What is 21265 (base 8) in base 6?
105045
What is -142306 (base 7) in base 12?
-1392a
Convert -7994 (base 11) to base 3.
-112102020
Convert -7a (base 11) to base 10.
-87
What is 212 (base 5) in base 8?
71
Convert -3365 (base 8) to base 15.
-7db
Convert -1a04 (base 16) to base 4.
-1220010
Convert 111011110010 (base 2) to base 7.
14104
Convert -23033 (base 5) to base 11.
-1264
What is -43121 (base 7) in base 3?
-112200012
Convert 1230312 (base 4) to base 2.
1101100110110
Convert 1201221 (base 5) to base 7.
121214
What is 51042 (base 10) in base 12?
25656
Convert -1144 (base 8) to base 6.
-2500
533444 (base 6) to base 11
2a826
-100120102 (base 3) to base 13
-3239
Convert 17 (base 16) to base 14.
19
-7112 (base 8) to base 3
-12000111
-4237 (base 11) to base 6
-41542
What is -602c (base 13) in base 5?
-410340
What is -36a (base 11) in base 13?
-27a
-921 (base 11) to base 15
-4e2
Convert 113023 (base 4) to base 14.
77d
356 (base 7) to base 10
188
-6200 (base 10) to base 3
-22111122
-101000110010110 (base 2) to base 7
-114615
-34a8 (base 11) to base 10
-4595
-210102 (base 3) to base 5
-4303
23 (base 9) to base 11
1a
Convert -175 (base 16) to base 3.
-111211
-127551 (base 8) to base 12
-21ba1
Convert -856 (base 13) to base 6.
-10331
Convert -10001001011 (base 2) to base 9.
-1451
What is -100011011011 (base 2) in base 6?
-14255
-65535 (base 7) to base 5
-1011032
10100010111111 (base 2) to base 7
42261
-b8 (base 16) to base 2
-10111000
What is -1594 (base 10) in base 3?
-2012001
Convert -3230 (base 9) to base 12.
-1460
What is c8f (base 16) in base 12?
1a3b
Convert -22000 (base 3) to base 10.
-216
Convert -1110002200 (base 3) to base 13.
-cc87
-24c (base 16) to base 2
-1001001100
Convert 524 (base 10) to base 11.
437
What is 1a0 (base 16) in base 10?
416
3447 (base 8) to base 3
2111211
Convert -9a0 (base 11) to base 10.
-1199
Convert 2746 (base 8) to base 13.
8c2
136600 (base 7) to base 13
bccb
Convert 451 (base 9) to base 8.
562
What is 41aa (base 16) in base 12?
988a
Convert 10100 (base 2) to base 4.
110
What is -a2b9 (base 12) in base 7?
-102426
What is -2555 (base 14) in base 10?
-6543
What is -33101 (base 4) in base 8?
-1721
Convert -1292 (base 11) to base 5.
-23144
Convert 111527 (base 9) to base 12.
32781
-4a2 (base 12) to base 15
-318
Convert 6072 (base 9) to base 7.
15641
What is 112211120 (base 3) in base 15?
3310
Convert -101002 (base 3) to base 2.
-100010000
What is 33076 (base 11) in base 10?
47999
-9de (base 16) to base 13
-11c4
-110101110010010 (base 2) to base 10
-27538
What is -11101112 (base 3) in base 6?
-22452
-1ca (base 13) to base 10
-335
-11212 (base 3) to base 12
-ab
What is 486 (base 14) in base 3?
1020102
Convert 240 (base 11) to base 3.
101121
What is 10101001110 (base 2) in base 5?
20413
-12033 (base 4) to base 5
-3044
-252e (base 16) to base 12
-5612
What is 3095 (base 15) in base 7?
41633
-1180 (base 9) to base 4
-31302
What is -10101011011010 (base 2) in base 6?
-122442
Convert -617e (base 15) to base 16.
-5072
Convert -10221020 (base 3) to base 6.
-21140
What is -333413 (base 6) in base 8?
-66561
What is -11202211 (base 3) in base 2?
-110110010110
-1211 (base 10) to base 13
-722
What is 17a9 (base 15) in base 5?
130414
Convert 100e (base 16) to base 10.
4110
What is 2214 (base 7) in base 13?
492
Convert -658 (base 11) to base 13.
-489
What is 131c (base 14) in base 4?
310132
Convert 428 (base 15) to base 4.
32222
Convert 9a (base 15) to base 9.
171
Convert 1010022 (base 3) to base 5.
11233
8e35 (base 15) to base 14
b012
-1564 (base 8) to base 6
-4032
Convert -110212 (base 3) to base 2.
-101011011
775 (base 10) to base 4
30013
-421 (base 7) to base 16
-d3
Convert -229 (base 10) to base 11.
-199
What is -46e (base 16) in base 9?
-1500
374 (base 9) to base 3
102111
-13322 (base 12) to base 5
-1321003
What is 12131 (base 8) in base 13?
24a9
What is 67113 (base 9) in base 4?
22320102
What is 1127 (base 11) in base 4?
113021
24200 (base 7) to base 15
1cd2
Convert -2102200 (base 3) to base 7.
-5112
What is 343402 (base 5) in base 16?
3040
What is -16185 (base 12) in base 15?
-944e
Convert -140 (base 13) to base 7.
-434
Convert 24574 (base 11) to base 2.
1000100111011100
Convert -10b01 (base 16) to base 7.
-403165
26336 (base 7) to base 13
3281
-23224 (base 6) to base 15
-ebd
287 (base 15) to base 13
355
Convert 3647 (base 11) to base 13.
222c
110114 (base 5) to base 3
12012011
What is -12341 (base 5) in base 8?
-1713
What is -2200 (base 12) in base 15?
-1199
820 (base 10) to base 14
428
Convert 4232 (base 6) to base 13.
587
e05 (base 15) to base 4
301103
Convert -1010000001111110 (base 2) to base 5.
-2303321
What is -220221 (base 3) in base 7?
-1651
What is -41 (base 10) in base 6?
-105
What is 201011202 (base 3) in base 13?
6494
Convert -2653 (base 7) to base 11.
-846
-4705 (base 11) to base 7
-24002
-12d (base 14) to base 7
-456
10885 (base 12) to base 9
33142
Convert 10000100 (base 2) to base 11.
110
Convert -543 (base 16) to base 10.
-1347
Convert 629 (base 16) to base 10.
1577
-20526 (base 7) to base 9
-6850
Convert 591c (base 16) to base 15.
6b5c
What is -2401 (base 6) in base 8?
-1101
What is 6629 (base 10) in base 6?
50405
Convert 10110001 (base 2) to base 3.
20120
What is 22100223 (base 4) in base 8?
122053
What is 8543 (base 10) in base 2?
10000101011111
What is -133020 (base 4) in base 7?
-5544
-101122112 (base 3) to base 2
-1111001010011
What is 3718 (base 15) in base 3?
121002012
Convert 990 (base 13) to base 6.
11330
What is 6f45 (base 16) in base 12?
14599
What is -212111 (base 5) in base 8?
-15764
Convert -71455 (base 8) to base 3.
-1111110001
-238 (base 14) to base 6
-2014
11011111 (base 3) to base 10
3037
11000100 (base 2) to base 10
196
What is 6a0 (base 11) in base 14?
43a
Convert -426 (base 10) to base 6.
-1550
-12464 (base 12) to base 15
-7564
Convert -45b3 (base 12) to base 13.
-36c6
2277 (base 11) to base 15
d43
-356 (base 12) to base 4
-13302
What is -588 (base 9) in base 10?
-485
Convert -367 (base 10) to base 12.
-267
What is 473 (base 9) in base 15?
1b0
Convert -2020023 (base 4) to base 3.
-102221210
What is 41a (base 13) in base 5?
10244
88 (base 14) to base 6
320
What is 75703 (base 8) in base 3?
1121110110
What is 183 (base 16) in base 6?
1443
Convert 106a (base 12) to base 15.
80a
Convert 3842 (base 12) to base 16.
18f2
Convert 1a91 (base 13) to base 2.
111110100101
-1d88 (base 15) to base 4
-1210130
Convert -24032 (base 6) to base 11.
-2680
-10021 (base 5) to base 14
-336
What is 28550 (base 9) in base 3?
222121200
Convert -2f90 (base 16) to base 8.
-27620
What is -1220010 (base 3) in base 12?
-970
What is 16404 (base 7) in base 3?
20101120
What is -101011011101 (base 2) in base 13?
-135c
What is 10003212 (base 5) in base 3?
10222202112
What is -1b66 (base 12) in base 9?
-4576
-983 (base 13) to base 6
-11312
Convert 14040 (base 5) to base 8.
2171
Convert -30300 (base 4) to base 10.
-816
2408 (base 12) to base 10
4040
What is 688 (base 11) in base 7?
2253
Convert 323 (base 11) to base 10.
388
What is -10010000100100 (base 2) in base 3?
-110200200
1001b (base 12) to base 3
1001110212
What is -33120 (base 4) in base 14?
-504
What is -11100110101101 (base 2) in base 6?
-152205
What is -13330 (base 4) in base 14?
-284
165 (base 7) to base 13
75
What is -3747 (base 15) in base 8?
-26767
What is 1020000 (base 3) in base 10?
891
Convert ecec (base 15) to base 10.
50172
What is -13121 (base 4) in base 12?
-335
15a1 (b